is -1022220 + 12021020022?
12012220102
In base 6, what is 345 + 1552425?
1553214
In base 10, what is 19 - 5115405?
-5115386
In base 11, what is 3118a0 - -1015?
312905
In base 15, what is -17b1d23 - -1a?
-17b1d08
In base 15, what is -1415 - 6b9d?
-80b3
In base 11, what is -7 + 244a68?
244a61
In base 12, what is 5 - -2a81836?
2a8183b
In base 7, what is 1351500606 - -4?
1351500613
In base 8, what is 15 + -462312?
-462275
In base 8, what is -3 + -1256277075?
-1256277100
In base 16, what is -19209 - -28?
-191e1
In base 7, what is 51561 - 10?
51551
In base 14, what is 4 - c529bbb?
-c529bb7
In base 13, what is -3c08b7 + -3?
-3c08ba
In base 15, what is -de - ddb66?
-ddc55
In base 2, what is 10100010111101101 + -100110?
10100010111000111
In base 4, what is 103 + 3223002030?
3223002133
In base 13, what is 2 - -2b8a249?
2b8a24b
In base 6, what is 413323330 - 5?
413323321
In base 11, what is -6 + -68638?
-68643
In base 3, what is -1001221 + -102111122?
-110120120
In base 11, what is 51a13 + 2?
51a15
In base 3, what is -10100221 + -110120000101?
-110200101022
In base 4, what is -1 - 22122012332130?
-22122012332131
In base 2, what is -10101110 - -10011001000101000101?
10011001000010010111
In base 9, what is 2 - 7088412?
-7088410
In base 5, what is 112 - -430111022?
430111134
In base 13, what is -610c3 + -479?
-6156c
In base 11, what is -145 - -125a05?
125870
In base 13, what is 17c92 + -5?
17c8a
In base 11, what is 2 - -29002410?
29002412
In base 11, what is -1a + -1522833?
-1522852
In base 15, what is 64 + -570da?
-57076
In base 9, what is 16646 - -46077?
63734
In base 4, what is 1230310 - -2100?
1233010
In base 6, what is -303344 - 315?
-304103
In base 8, what is -14500 + 334?
-14144
In base 14, what is 825 + -1591?
-b6a
In base 11, what is -5 - 6895095?
-689509a
In base 5, what is 142404 + -21344?
121010
In base 14, what is 1843aca - 5?
1843ac5
In base 16, what is 4 - 8f4f9b5?
-8f4f9b1
In base 16, what is -5 - 4ed1ec?
-4ed1f1
In base 12, what is 151314a - -7?
1513155
In base 16, what is 29 - -3fe?
427
In base 2, what is -10001010001 - -10011010010011?
10001001000010
In base 11, what is -5 - -10169?
10164
In base 4, what is 1232222212 - 0?
1232222212
In base 11, what is 5 - -1175436?
1175440
In base 2, what is 111101110 + -10100100011010110?
-10100011011101000
In base 11, what is -493a3029 - 3?
-493a3031
In base 3, what is 2 - 200210001012?
-200210001010
In base 14, what is -30d92 - 5d7?
-31589
In base 3, what is -1210020200002111 + -21?
-1210020200002202
In base 14, what is -83a9 + 6d7?
-7ab2
In base 7, what is 212303504 - 41?
212303433
In base 8, what is 135350134 + -1?
135350133
In base 8, what is 10440 + -4035?
4403
In base 10, what is 0 + 2024849?
2024849
In base 13, what is 60 + 6a495?
6a525
In base 7, what is -1636643255 - -5?
-1636643250
In base 13, what is a7102 + 21?
a7123
In base 2, what is -11011000 - -111001100001010?
111001000110010
In base 7, what is 65 - 2241321?
-2241223
In base 14, what is 47525 + -12?
47513
In base 9, what is -63151832 + -1?
-63151833
In base 15, what is -6ddd7 + -18?
-6de00
In base 8, what is -2 + 3427664?
3427662
In base 2, what is 1011 + -1001100110010111111001?
-1001100110010111101110
In base 3, what is 112220 - -20102201201?
20110021121
In base 11, what is 139954 + 10?
139964
In base 8, what is 3146445 - 13?
3146432
In base 4, what is -1 - -20233011020?
20233011013
In base 3, what is -1221 - 22221201100?
-22221210021
In base 11, what is 96635916 - -4?
9663591a
In base 16, what is 84ae89 - 30?
84ae59
In base 13, what is 55 - 1a0592?
-1a053a
In base 4, what is -11311 + 20221233013?
20221221102
In base 3, what is 20 - -100222120020001?
100222120020021
In base 13, what is -2 + -4446209?
-444620b
In base 15, what is 1 - 330add?
-330adc
In base 4, what is -233212 + 11321?
-221231
In base 7, what is -3035244156 - -10?
-3035244146
In base 8, what is 103740 - 653?
103065
In base 8, what is 405757 + -36?
405721
In base 6, what is -20225 - 302345?
-323014
In base 2, what is 11 + -10110111111110101000100?
-10110111111110101000001
In base 8, what is -2543656642 - 3?
-2543656645
In base 4, what is 33210 - 3202201?
-3102331
In base 7, what is 1614 + -23566?
-21652
In base 12, what is 0 - 3a91931?
-3a91931
In base 7, what is -2631102 + -53?
-2631155
In base 6, what is -205432354 - -2?
-205432352
In base 9, what is -557528653 + 3?
-557528650
In base 14, what is -5 - -b12ca?
b12c5
In base 16, what is -2a - -42de?
42b4
In base 3, what is 0 + 2211100201110?
2211100201110
In base 6, what is -12352105 + 10?
-12352055
In base 5, what is 102 - 3110044?
-3104442
In base 9, what is -15458 + 1242?
-14216
In base 4, what is 20231111 + -21032220?
-201103
In base 4, what is 2113232031 + -13?
2113232012
In base 16, what is 1d7d + -1f46?
-1c9
In base 4, what is 10 + 113113310211?
113113310221
In base 6, what is -13 + 1105010122?
1105010105
In base 2, what is 110111100111 + -10010101100?
100100111011
In base 16, what is 56 - a3ff9?
-a3fa3
In base 5, what is -11104123221 - -3?
-11104123213
In base 3, what is -1 - 21111001010121?
-21111001010122
In base 4, what is -222013122223 - 110?
-222013122333
In base 8, what is -27037 + -3426?
-32465
In base 13, what is -6c30 - 301?
-7231
In base 15, what is b262ad - 2?
b262ab
In base 8, what is 33640 - -12660?
46520
In base 16, what is 9d4baef9 - 5?
9d4baef4
In base 4, what is -10221022 - 2221220?
-13102302
In base 15, what is -6bbb446 + 6?
-6bbb440
In base 3, what is -20 + -102110120200021?
-102110120200111
In base 6, what is 2245 + -1014403?
-1012114
In base 2, what is -1000101101011 + 11010011110?
-101011001101
In base 11, what is 0 + 321787a?
321787a
In base 12, what is -2b53 + -75885?
-78818
In base 8, what is 762676 - 30?
762646
In base 3, what is -20202220102 - 220?
-20202221022
In base 11, what is -292025 + -211?
-292236
In base 9, what is -1075578 + 102?
-1075476
In base 4, what is 110020223120 - -11?
110020223131
In base 12, what is -2 + 46a68927?
46a68925
In base 6, what is 1451333 + 2412?
1454145
In base 4, what is -221231 - 21133?
-303030
In base 16, what is 290e59 - 70?
290de9
In base 14, what is -2794 + -7c1?
-3175
In base 9, what is 1086 + 11455?
12552
In base 2, what is -101 - -10001011000000001100011001?
10001011000000001100010100
In base 10, what is -48612 + -677?
-49289
In base 5, what is -11142202 - -42140?
-11100012
In base 5, what is 2 + -132014012232?
-132014012230
In base 11, what is -6 + -1275078?
-1275083
In base 13, what is -58 - c1acb?
-c1b56
In base 3, what is -220202012010 - -1221222?
-220200020011
In base 15, what is -29cc - 701?
-31cd
In base 13, what is 82 - 34a5?
-3423
In base 16, what is -3accd7 - -8?
-3acccf
In base 2, what is 1101110110110111 - -1?
1101110110111000
In base 14, what is 2855492 - 1?
2855491
In base 6, what is 22234 + 2000?
24234
In base 5, what is 13 - 220133220?
-220133202
In base 8, what is -2 + 22601766?
22601764
In base 15, what is -23ed - 346?
-2744
In base 6, what is -3024 + -15241052?
-15244120
In base 16, what is -3edd9 + 115?
-3ecc4
In base 9, what is -78374 + -3566?
-83051
In base 7, what is 512612361 + -4?
512612354
In base 15, what is -e3639 - 0?
-e3639
In base 5, what is 40 + -3340143?
-3340103
In base 8, what is 1364 - -265750?
267334
In base 6, what is -2 - -120312110?
120312104
In base 6, what is 13444033 - 10514?
13433115
In base 9, what is -8146 + 341?
-7705
In base 10, what is 5424218 + -58?
5424160
In base 11, what is 1024aaa - -103?
1025102
In base 3, what is 10010220021220100 + -12?
10010220021220011
In base 11, what is -138832 + 92?
-138750
In base 10, what is 5 - -1038857?
1038862
In base 10, what is 8 - -113433?
113441
In base 13, what is 45a60 - 374?
456b9
In base 8, what is 123452375 + 4?
123452401
In base 9, what is -1253521 + -1?
-1253522
In base 15, what is 22b - 797?
-56b
In base 8, what is 200475 + 3075?
203572
In base 9, what is -78 + 125162?
125073
In base 13, what is 1 + -3647989?
-3647988
In base 3, what is 1222120200000021 - 12?
1222120200000002
In base 3, what is -21 + -120000002112022?
-120000002112120
In base 15, what is 6c50 + 29a?
6eea
In base 3, what is -212211 + -10022110012?
-10100100000
In base 5, what is -4 + 131441014044?
131441014040
In base 9, what is 131034280 + 3?
131034283
In base 14, what is -86ac51